 u be (40/(-14))/(6/(-21)). Let a be 452/u - (-6)/(-30). Let y be (2/6)/((-1)/(-15)). Calculate the highest common factor of a and y.
5
Let g = -13 + 13. Suppose 0 = 4*l - g*l - 32. What is the highest common factor of 8 and l?
8
Let n(q) = -q**3 + 3*q**2 + 3*q - 3. Let i be n(3). Let g = i - -6. Suppose 4*d + 14 = 62. What is the greatest common factor of d and g?
12
Let n = 5 - 56. Let u = n - -75. Calculate the greatest common divisor of u and 24.
24
Let a(p) = -47*p + 1. Let x be a(-1). Suppose 5*o = o + 24. What is the greatest common divisor of x and o?
6
Let j be (17 - 1*-2) + 10/(-5). Let w(k) = 29*k**2 + k + 1. Let b be w(2). What is the highest common factor of b and j?
17
Suppose -5*w + 54 = 3*l - 32, 4*w = -l + 38. Let c = 415 - 239. What is the greatest common divisor of l and c?
22
Let j(l) = -l**3 + 9*l**2 + 10*l + 14. Let x be j(10). Calculate the highest common divisor of 14 and x.
14
Suppose h + 2 = 0, -o + h + 35 = 2*h. Suppose 4*t - 3*t + 35 = 3*m, 0 = -3*m - t + o. What is the highest common divisor of m and 96?
12
Suppose 12 = 5*x - 3. Suppose -3*m = -x - 51. Let k be 2 + 1/2*0. Calculate the highest common factor of k and m.
2
Let z be 364/10 + 10/(-25). Suppose -4*a = -2*a - z. Let t(c) = 18*c**2 - c + 1. Let b be t(1). Calculate the greatest common factor of a and b.
18
Suppose -4*p - p + 15 = 0. Calculate the greatest common factor of p and 2.
1
Let a = -1 + 1. Let u be (-14 + a)/(-2) - 2. Suppose 107 - 27 = u*j. What is the highest common divisor of j and 24?
8
Suppose 4*s = -5*q + 97, 11 + 5 = s + 4*q. Let t = 56 - s. Suppose -44 = -4*j + t. What is the greatest common factor of 54 and j?
18
Suppose 5*u - 6*u = -18. What is the greatest common divisor of 24 and u?
6
Suppose 70 = -f + 2*f. Let b = f - -10. Calculate the greatest common divisor of b and 32.
16
Let y(d) = -d**2. Let f(l) = -7*l - 12. Let r(w) = f(w) - y(w). Let g be r(9). Suppose 2*j = j + g. What is the greatest common factor of 1 and j?
1
Suppose 3*n - 25 - 113 = 0. Calculate the highest common divisor of n and 69.
23
Let q(l) = -l - 2. Let o be q(-6). Let n be ((-10)/4)/(-5)*o. What is the greatest common divisor of n and 4?
2
Suppose -2*o - 12 = -6*o. Suppose o*g = 140 - 14. Suppose 3*h = 5*h - 28. What is the greatest common factor of h and g?
14
Suppose -4*m + 20 = -2*m. Calculate the highest common divisor of 90 and m.
10
Suppose 0 = v - 2*c - 5, c = 4*v - 4*c - 8. Let n(w) = -w**3 - 3*w**2 - 4*w - 4. Let y be n(v). Calculate the highest common divisor of 2 and y.
2
Suppose -3*a - 25 + 220 = 0. Calculate the highest common divisor of a and 5.
5
Let a = 26 - 14. What is the greatest common divisor of a and 96?
12
Let i(h) = -h**3 + h + 1. Let c(z) = 5*z**3 - 9*z**2 - 18*z - 10. Let v(d) = c(d) + 6*i(d). Let k be v(-8). Calculate the highest common divisor of k and 14.
14
Let w = 18 + 3. Suppose -w + 9 = -2*n - 2*z, -2*n + z = 0. Calculate the highest common factor of n and 4.
2
Suppose -3*z + 131 = 35. Let d = 134 - 86. What is the highest common factor of z and d?
16
Let m be 198 - 3 - (-3 + 2). What is the greatest common factor of m and 28?
28
Suppose -2*m - 80 = -122. Calculate the highest common divisor of m and 14.
7
Let u = 203 + -93. What is the greatest common factor of 44 and u?
22
Let d(t) = 50*t**3 + 3*t**2 - t - 1. Let u be d(1). What is the greatest common factor of u and 17?
17
Let d be (-58 - -33)/(2/(-16)). What is the greatest common divisor of d and 25?
25
Let o(b) = b**2 + 15. Let j be o(0). Let a = 6 - 7. Let y be 2*(-10)/4*a. What is the highest common factor of j and y?
5
Let t(p) = -14*p - 2. Let k be t(-1). What is the greatest common factor of 18 and k?
6
Suppose 6*y = 2*y. Suppose -4*i - 122 = -4*j - 606, y = i - 3*j - 123. Calculate the greatest common factor of 15 and i.
15
Let w be 510/8 - 1/(-4). Calculate the greatest common factor of w and 16.
16
Suppose -m - 12 = -3*t, -5*m + 3*t = -0*m. Let g be (18 - 6)/(m/2). Calculate the highest common divisor of g and 72.
8
Let d = 20 - 16. Calculate the highest common divisor of 28 and d.
4
Let f(i) be the first derivative of i**3/3 + 12*i + 7. Let y be f(6). Calculate the greatest common divisor of 6 and y.
6
Let x(v) = -v**3 + 4*v**2 - 4*v + 2. Let n be x(2). Suppose n*o - 20 = -4. Suppose c = 24 + 40. What is the greatest common factor of o and c?
8
Let w(t) = 3*t**2 + 17*t + 4. Let x be w(-6). What is the greatest common factor of 70 and x?
10
Let h be (9*(-2)/(-3))/(6/4). Let c(z) = z**2. Let n be c(2). Calculate the greatest common divisor of h and n.
4
Let f(a) be the second derivative of -a**5/20 - 5*a**4/6 - 5*a**3/3 + a**2 - a. Let p be f(-9). Calculate the greatest common factor of p and 88.
11
Suppose 9*u - 121 - 194 = 0. What is the highest common divisor of u and 7?
7
Suppose 7*d = -15 + 43. What is the greatest common divisor of d and 28?
4
Let b be (-3 - 2)*24/(-5). What is the highest common divisor of b and 96?
24
Let s = 98 - 50. Calculate the greatest common divisor of s and 32.
16
Suppose -3*j + 2*k = j - 186, -2*k + 150 = 3*j. Let t = 175 - 143. What is the greatest common divisor of t and j?
16
Let r be (-9)/(-3) + -2 + 13. Let z = r + 6. What is the greatest common divisor of z and 40?
20
Suppose 0 = -3*f + 5*a - 312, -f + 5*f = -2*a - 390. Let i = 83 - f. Calculate the highest common divisor of 26 and i.
26
Suppose 2*i + 8 = -0*i. Let s be (2 - 0)/(i - -3). Let p be ((-3)/2)/(s/20). Calculate the highest common divisor of 30 and p.
15
Let c = 22 + -2. Calculate the greatest common factor of 30 and c.
10
Let v be (3/(-2))/((-3)/20). Let j be (-2)/(-9) - (-1 - (-316)/(-36)). What is the greatest common factor of v and j?
10
Let o(a) = -a**2 - 17*a - 2. Let n be o(-14). Let u = -29 + n. What is the highest common divisor of 33 and u?
11
Let b(n) = 2*n + 32. Let s be b(8). Calculate the greatest common factor of 288 and s.
48
Suppose -5*b = -3*j - 49, -4*j - 10 - 2 = 0. Calculate the greatest common divisor of b and 1.
1
Let k be (268*2)/2 - -2. Let o(y) = y**3 + 26*y**2 - 25*y + 84. Let n be o(-27). Calculate the greatest common divisor of n and k.
30
Let p(a) = -2*a**3 + 10*a**2 + 3*a + 13. Let s be p(5). What is the highest common factor of s and 252?
28
Let l be -4*(2 + 10/(-4)). Suppose l*n - 7*n = -20. Suppose 3*g = -0*g + 30. Calculate the highest common divisor of g and n.
2
Suppose 0*g + g - 4 = 0. What is the highest common divisor of 6 and g?
2
Let g(v) = v + 2*v**3 - 13*v**3 + 3*v**2 - 2*v**2. Let p be g(-1). Calculate the highest common divisor of 22 and p.
11
Suppose 3*x = -1 + 7. Suppose 6 - x = r. What is the highest common divisor of 24 and r?
4
Let j(b) = -2*b + 12. Let r be j(5). Suppose -5*q = -12 + 2. What is the greatest common factor of q and r?
2
Suppose 2*g + 0*g + z - 8 = 0, 3*z - 4 = 4*g. Suppose 2*r - 2*o + 6*o = 52, -o = g. Calculate the highest common factor of r and 330.
30
Suppose -5*y = b - 0 - 6, -y = -3*b - 14. Let j be 35 - y - (1 + 2). Calculate the highest common factor of 6 and j.
6
Suppose n + 0*c = -c + 11, -5*n = -3*c - 23. What is the highest common divisor of n and 49?
7
Let o = 17 + -9. Suppose u - 11 + 3 = 0. What is the highest common factor of o and u?
8
Suppose 3*c - 51 = 2*c. Let h = c + 103. What is the greatest common factor of h and 14?
14
Let z be 306/15 - (-2)/(-5). Suppose 0*i - 40 = -2*i. Calculate the highest common divisor of z and i.
20
Let m = -10 + 35. Calculate the highest common factor of m and 225.
25
Let t(m) = 3*m**2 + 6*m + 7. Let w be t(-3). What is the greatest common divisor of w and 4?
4
Let k = 1 + 1. Let j = -4 - k. Let g be (-2)/3 + (-76)/j. Calculate the highest common factor of 108 and g.
12
Suppose 2*u + 2*t - 82 = 0, -2*u + 4*t + 37 = -21. Calculate the highest common factor of 111 and u.
37
Suppose -133 - 91 = -2*f. What is the highest common divisor of f and 14?
14
Let c(i) = i**2 - 2*i + 7. Let v be c(-5). Calculate the greatest common factor of v and 6.
6
Let c = 17 + -12. Suppose 2*z - 15 = -g + 1, z = -c*g + 17. Suppose 5*m = -3*a + 105, -2*a + z*a + 21 = m. Calculate the greatest common factor of m and 3.
3
Suppose 0 = 2*g, -9 - 6 = -3*p + g. Suppose -i = p*x - 32, 0 = -x - 0*x + 5. What is the highest common divisor of 77 and i?
7
Let q = -2 - -2. Let a be 8 + -